{"id":35,"date":"2016-11-29T11:13:29","date_gmt":"2016-11-29T10:13:29","guid":{"rendered":"http:\/\/elektro-roenitz.de\/?page_id=35"},"modified":"2023-04-20T21:56:21","modified_gmt":"2023-04-20T19:56:21","slug":"leistungen","status":"publish","type":"page","link":"https:\/\/www.elektro-roenitz.de\/?page_id=35","title":{"rendered":"Leistungen"},"content":{"rendered":"<p>Leistungen<br \/>\n<img decoding=\"async\" loading=\"lazy\" class=\"alignnone wp-image-16 size-full\" src=\"http:\/\/elektro-roenitz.de\/wp-content\/uploads\/2016\/11\/cropped-Fotolia_92709437_M-Schnitt_960_316_c1.jpg\" alt=\"cropped-Fotolia_92709437_M-Schnitt_960_316_c1.jpg\" width=\"891\" height=\"196\" srcset=\"https:\/\/www.elektro-roenitz.de\/wp-content\/uploads\/2016\/11\/cropped-Fotolia_92709437_M-Schnitt_960_316_c1.jpg 891w, https:\/\/www.elektro-roenitz.de\/wp-content\/uploads\/2016\/11\/cropped-Fotolia_92709437_M-Schnitt_960_316_c1-300x66.jpg 300w, https:\/\/www.elektro-roenitz.de\/wp-content\/uploads\/2016\/11\/cropped-Fotolia_92709437_M-Schnitt_960_316_c1-768x169.jpg 768w\" sizes=\"(max-width: 891px) 100vw, 891px\" \/><\/p>\n<p><strong>Installation<br \/>\n<\/strong>Installation von Alt \/ Neubau H\u00e4user &#8211; Wohnungen<br \/>\nVom Baustrom bis zur Fertigmeldung<\/p>\n<p><strong>Kompensationsanlagen<\/strong><br \/>\nLieferung und Montage von BSK-Anlagen, sowie deren Projektierung<\/p>\n<p><strong>Industrie<\/strong><br \/>\nInstallation von Hallen und Werkst\u00e4tten<br \/>\nInstallation und Wartung von Maschinen und Anlagen<br \/>\nPlanung und Bau von Niederspannungsverteilern und Schaltanlagen f\u00fcr<br \/>\nMaschinen und Anlagen<br \/>\nWartung, Installation, Verkauf und Inbetriebnahme frequenzgesteuerter Antriebe<\/p>\n<p><strong>Mess- und Regeltechnik<\/strong><br \/>\nInstallation und Wartung von Me\u00df und Regeltechnik<br \/>\nz.B. Temperaturregelungen, Analysemesstechnik sowie F\u00fcllstandsreglungen Pr\u00fcfung und Kalibrierung von Thermoelementen<\/p>\n<p><strong>Projektierung<\/strong><br \/>\nBeratung \u2022 Projektierung \u2022 Ausf\u00fchrung<\/p>\n<p><strong>Pr\u00fcfung<\/strong><br \/>\nWiederkehrende Pr\u00fcfung elektrischer Anlagen und Maschinen sowie ortsver\u00e4nderlicher Ger\u00e4te.<\/p>\n<p>Der E-Check<br \/>\nSchaltberechtigung f\u00fcr Mittelspannungsanlagen<br \/>\nSachkundenachwei\u00df<br \/>\nSachkundiger f\u00fcr kraftbet\u00e4tigte T\u00fcren, Fenster und Tore<br \/>\nPr\u00fcfung elektrischer Maschinen und Ausr\u00fcstungen<\/p>\n","protected":false},"excerpt":{"rendered":"<p>Leistungen Installation Installation von Alt \/ Neubau H\u00e4user &#8211; Wohnungen Vom Baustrom bis zur Fertigmeldung Kompensationsanlagen Lieferung und Montage von BSK-Anlagen, sowie deren Projektierung Industrie Installation von Hallen und Werkst\u00e4tten&hellip; <\/p>\n","protected":false},"author":1,"featured_media":0,"parent":0,"menu_order":0,"comment_status":"closed","ping_status":"closed","template":"","meta":[],"_links":{"self":[{"href":"https:\/\/www.elektro-roenitz.de\/index.php?rest_route=\/wp\/v2\/pages\/35"}],"collection":[{"href":"https:\/\/www.elektro-roenitz.de\/index.php?rest_route=\/wp\/v2\/pages"}],"about":[{"href":"https:\/\/www.elektro-roenitz.de\/index.php?rest_route=\/wp\/v2\/types\/page"}],"author":[{"embeddable":true,"href":"https:\/\/www.elektro-roenitz.de\/index.php?rest_route=\/wp\/v2\/users\/1"}],"replies":[{"embeddable":true,"href":"https:\/\/www.elektro-roenitz.de\/index.php?rest_route=%2Fwp%2Fv2%2Fcomments&post=35"}],"version-history":[{"count":4,"href":"https:\/\/www.elektro-roenitz.de\/index.php?rest_route=\/wp\/v2\/pages\/35\/revisions"}],"predecessor-version":[{"id":76,"href":"https:\/\/www.elektro-roenitz.de\/index.php?rest_route=\/wp\/v2\/pages\/35\/revisions\/76"}],"wp:attachment":[{"href":"https:\/\/www.elektro-roenitz.de\/index.php?rest_route=%2Fwp%2Fv2%2Fmedia&parent=35"}],"curies":[{"name":"wp","href":"https:\/\/api.w.org\/{rel}","templated":true}]}}